*2 + i - 11. Let n be f(4). Let r(d) = d**2 - 7*d + 18. Let j be r(n). Calculate the highest common factor of j and 126.
18
Let h(c) = c**2 - 144*c + 1013. Let j be h(137). What is the highest common factor of j and 846?
18
Suppose -3*x = -3*v + 276, -2*v = v - 5*x - 280. Let k be 1188/v - 8/(-10). Calculate the highest common factor of 28 and k.
14
Suppose -17*c = -16*c - 8. Suppose -3*b = 5*x - 50, -2*b + 38 = -3*x - c. Let v(s) = -2*s + 52. Let j be v(21). What is the highest common factor of b and j?
10
Suppose -2*z - 2*i + 1530 = 3*z, -2*z - i + 612 = 0. Suppose -w + 65 = 3*b - 0*b, 267 = 4*w + 5*b. What is the greatest common divisor of w and z?
34
Let m be ((-444)/30 - -6)*(-30)/4. Calculate the greatest common factor of m and 66.
66
Let c be -7 + 23650/60 - (-1)/(-6). Let k(s) = -s**2 - 2*s + 43. Let p be k(0). Calculate the greatest common factor of p and c.
43
Let c(w) be the first derivative of -5*w**2/2 + 57*w + 52. Let j be c(9). What is the greatest common factor of 708 and j?
12
Let l be (-7462)/(-123) - ((-28)/21 + 0 + 2). Calculate the highest common divisor of l and 1260.
60
Let j = 189 + 549. Calculate the greatest common divisor of 270 and j.
18
Suppose -25*n + 20*n + 17895 = 4*v, 2*n = -4*v + 17898. What is the greatest common divisor of 716 and v?
179
Let t(m) = 5*m - 14*m - 20 - 7*m. Let o be t(4). Let k = -20 - o. Calculate the highest common divisor of 8 and k.
8
Suppose 357*j - 763*j = -1218. Suppose k - 100 + 13 = 0. What is the greatest common factor of j and k?
3
Suppose -4*t - 5260 = 5*z - 36425, -5*z = -t - 31190. Calculate the highest common divisor of 77 and z.
77
Let v be (0 - 2) + (-4)/(32/(-200)). Suppose 18*s + 300 = v*s. What is the highest common divisor of 270 and s?
30
Let p(z) = 2*z - 10. Let n = 47 + -39. Let r be p(n). Let h(w) = -w**3 + 5*w**2 + 9*w - 9. Let b be h(r). Calculate the highest common factor of b and 1.
1
Let b = 10587 - 10317. What is the greatest common divisor of b and 5760?
90
Let k be (-8 + -1)*((-198)/24)/(5/20). What is the greatest common divisor of k and 66?
33
Let t(j) = 10*j**2 + 6*j + 4. Let c be t(-5). Suppose -11109 = -21*k + 12264. Suppose -35*m + k = 133. What is the highest common divisor of c and m?
28
Suppose 172648 = 125*v - 441352. Calculate the greatest common divisor of v and 32.
16
Let a be ((-6)/12)/(1/(-2)). Let x(n) = n**3 - 8*n**2 - 10*n - 10. Let z be x(9). Let t = 27 + z. Calculate the greatest common divisor of t and a.
1
Let m be (160/(-70))/4*(-70)/4. Let o be (-1 + 18/m)/(68/4250). Calculate the greatest common factor of 175 and o.
25
Let k = -102 + 101. Let h be 14 + (-20)/(4 - k). Suppose 4*r = -5*c + 90 - 25, -4*r = c - 77. What is the highest common divisor of r and h?
10
Let t be (-2360 + 2390)*(1 - 1/(-2)). What is the highest common factor of 5 and t?
5
Let k be 264/(-110)*(-855)/12. What is the highest common factor of 3357 and k?
9
Let a(t) = 9*t**2 + 63*t + 398. Let n be a(-9). Calculate the highest common factor of n and 175.
35
Let n(z) = 2*z + 65. Let p be n(-31). Let i be p/((-18)/(-34)) + 6/18. Let c(l) = l**2 + l + 1. Let o be c(4). What is the highest common factor of i and o?
3
Let j(m) = 14*m**2 - 107*m + 102. Let d be j(7). Calculate the highest common factor of 1833 and d.
39
Let x = 150 - 99. Let k(g) be the first derivative of g**3/3 + 9*g**2/2 - 18*g - 36. Let a be k(4). What is the greatest common factor of x and a?
17
Let r(i) = i + 9. Let d be r(-4). Let t be (-1 + d)/(-4)*-81. Let x be 27*((-117)/(-27) + -4). What is the greatest common factor of x and t?
9
Let n be ((-40)/(-15))/((-114)/(-108) + -1). Let t be (-12)/15*-22*10. What is the highest common divisor of n and t?
16
Let c = 39 - 25. Suppose 0 = -2*v + 46 + c. Let r = 98 - v. Calculate the greatest common divisor of 17 and r.
17
Let r = 27 + -7. Suppose -5*v + 749 = -30371. Let o be (-4)/(-26) + v/104. What is the greatest common divisor of o and r?
20
Let w be 480*1*4 - (-3 - (-4 + 5)). What is the greatest common divisor of 364 and w?
52
Let z(t) = t**2 + 4*t + 22. Let i = 19 - 9. Let m be z(i). Suppose 0 = 5*g + 4*g - m. What is the highest common factor of 90 and g?
18
Let b be (-18)/(-30) + 673/(-5). Let x = b + 141. Let r be 2/9 + (-3951)/(-81). Calculate the greatest common factor of x and r.
7
Suppose 7*r = 7 - 7. Suppose -2*v = -2*d - 1614, r = -5*v - d + 1201 + 2864. What is the highest common divisor of 28 and v?
28
Let w be 46839/52 + 1*3/(-4). What is the greatest common factor of 100 and w?
100
Let p(m) = -m**2 - 22*m - 26. Let i = 103 - 118. Let h be p(i). Let k = 96 - h. Calculate the greatest common factor of 51 and k.
17
Let l be (-1)/(-3)*(-12)/(-2). Suppose 5*d = 5*z, 3*z - 2 = z. Suppose 74 = m + l*t, -m + 55 = -2*t + d. Calculate the greatest common divisor of m and 96.
32
Suppose 75*l = -25*l + 8400. What is the greatest common divisor of 36 and l?
12
Let a = -1867 + 2043. Calculate the greatest common divisor of 165 and a.
11
Let k be (-4)/16 + ((-1083)/(-12) - 32/(-4)). What is the greatest common divisor of k and 1344?
14
Suppose -5*a + 11 + 14 = 0, 0 = l - a + 35. Let o be (-12)/(-2)*l/(-36). Let j be 9/6 - 37/(-2). What is the greatest common divisor of o and j?
5
Let w(f) = -17*f + 46 - 35*f + 88*f. Let h be w(10). Suppose h = 2*k - 2*v, -3*k + 0*k = -4*v - 605. Calculate the highest common divisor of 23 and k.
23
Suppose 3*w + 4*c + 306 = 1141, 0 = -5*w + 4*c + 1349. Calculate the highest common factor of 507 and w.
39
Suppose -3*p + 6 = -p. Let i be 0 - 6*7/(-21). Suppose -p*u = -2*u - l - 118, l = i*u - 238. What is the greatest common divisor of u and 15?
15
Let c = 40781 + -40452. Let w = 0 - -21. Calculate the highest common divisor of c and w.
7
Suppose 47*b + 6980 = 67*b. Let t = b + -327. What is the greatest common factor of t and 704?
22
Suppose 15 = -7*i + 57. Let t be 68/(-10)*(-8 + i/2). Calculate the highest common factor of t and 68.
34
Let r(o) = -o**3 - 13*o**2 + 24*o - 42. Let y be r(-15). What is the greatest common factor of 556 and y?
4
Suppose -2*g + 4*g = 3*a - 227, -5*g + 164 = 2*a. Suppose 4*q - 123 + 95 = 0. Calculate the highest common factor of a and q.
7
Let c(t) = 30*t**3 + 2*t**2 - 2*t. Let x be c(1). Let v = -82 + 45. Let y be (-6)/(3 + 0) - (v - 5). Calculate the highest common factor of y and x.
10
Suppose -57*k + 1912 + 1850 = 0. Calculate the highest common factor of 138 and k.
6
Let o(b) = -112*b - 734. Let u be o(-8). What is the greatest common factor of u and 138?
6
Let i(s) = s + 28. Let c be i(0). Let r = 547 - 544. Suppose -4*a - 222 = -r*p, -51*p = -47*p - a - 283. What is the highest common factor of c and p?
14
Let h(o) = o**3 - 6*o**2 + 13*o - 10. Let z be h(5). Let i = -266 - -116. Let y = 120 - i. Calculate the highest common factor of y and z.
30
Suppose 4*z = -3*m + 525, -3*z + 390 = -2*m + 5*m. Let v be ((-30)/(-14))/((-4)/10 + 720/1680). Calculate the greatest common divisor of v and z.
15
Let o(n) = -85*n - 10. Let h be o(3). Let t = 661 + h. Let k be 16/3*81/12. What is the greatest common divisor of k and t?
36
Let c = -33 - -49. Suppose j - 3*a - 35 = 13, 2*a + 344 = 5*j. Calculate the highest common divisor of j and c.
8
Let o(c) = -c**3 - 51*c**2 + 79*c + 954. Let l be o(-53). Calculate the highest common divisor of l and 30.
15
Let w(c) = -7*c**3 - 47*c**2 + 67*c + 6. Let p be w(-15). Calculate the highest common divisor of p and 117.
117
Suppose -2*d + 1702 = 68*m - 63*m, 0 = -m + 5*d + 335. Calculate the highest common divisor of 2108 and m.
68
Suppose -x = -3*l + 2731 - 9, 0 = 4*l - 5*x - 3611. What is the greatest common divisor of 18 and l?
9
Suppose 2*c + 3*c = 290. Let k(u) = 157*u + 26. Let z be k(7). Let m = 1763 - z. Calculate the highest common divisor of m and c.
58
Let q be (42/12)/(2/4). Suppose 55 = q*s - 2*s + 5*r, 3 = s - r. Calculate the greatest common divisor of 35 and s.
7
Let n be 0 + -1 + 1 + 4 + 113. Suppose -k - 6 = 15. Let v = k + 30. What is the highest common divisor of v and n?
9
Suppose 4*p + 3*o = 7*o + 164, 3*p = -4*o + 95. Let m be 2310/7 - (-3 + 0). Calculate the highest common divisor of p and m.
37
Let t(p) = 70*p**2 + p - 1. Let m be t(1). Suppose 0 = 2*f + 4, 8*b - 2*f = 12*b - 108. Calculate the highest common divisor of b and m.
14
Su